e 192 - (-6)/2 - -3. Suppose 0 = 2*u + 2*u - 12, 3*k = 2*u + j. What is the units digit of k?
8
Let p(j) = -j**2 - 2*j + 8. Let a be p(-4). Suppose 5*k - 815 + 35 = a. Suppose 5*q - k = q. What is the units digit of q?
9
Let p(d) = 2*d - 7*d + 1 + 3*d - 3*d. What is the units digit of p(-5)?
6
Let a = -348 - -494. Suppose -3*z + 2*t = -3*t - a, z = -3*t + 58. What is the tens digit of z?
5
Let z be (16/28)/(1/7). Suppose 0 = -5*m - 3*h + 91, -5*m + 8*h - z*h + 112 = 0. What is the tens digit of m?
2
Let t(k) = 143*k - 837. What is the hundreds digit of t(12)?
8
Let x be 0 - (104/(-56) - 2/14). Suppose x*z = -3*j + 259, 5*j = -3*z + 2*z + 434. What is the tens digit of j?
8
Let c(x) = -x**2 - 3*x + 16. Let s be c(-6). Let g(o) = 0 - 30*o + 0. What is the units digit of g(s)?
0
Let q = 7 - 0. Suppose q*l - 20 = 2*l. Suppose -l*g + 8 + 32 = k, -2*k = -3*g - 58. What is the tens digit of k?
3
Let o = 826 + -520. What is the hundreds digit of o?
3
Let p(i) = -i**2 + i + 2. Let h be p(2). What is the tens digit of h - (-11 + -2 - 1)?
1
Let f = 0 - 0. Suppose 3*p - 357 - 39 = f. Suppose -3*i - p = -6*i. What is the tens digit of i?
4
Let g(y) = -45*y**2 + 4*y - 1. Let b be g(-1). Let a be (29/(-2))/((-1)/6). Let z = b + a. What is the units digit of z?
7
Let u(s) = -s**2 + 53*s - 36. What is the hundreds digit of u(20)?
6
What is the units digit of -1*(0/8 + -1778 + 1)?
7
What is the units digit of (1522260/84)/5 - (-12)/21?
5
Let v(c) be the first derivative of c**3/3 + 3*c**2 - 22*c + 19. What is the units digit of v(-15)?
3
Suppose 2*x - 3707 = -5*s, -x + 2*s - 5*s + 1852 = 0. What is the thousands digit of x?
1
Let k be 1/((-3)/(-30)) - -1. Let x = k + 25. What is the tens digit of x?
3
Suppose -169*x + 174*x - 5175 = 0. What is the hundreds digit of x?
0
Let o(l) = -3*l + 25. Let r = -11 - 1. What is the tens digit of o(r)?
6
Let q = -16 - -12. Let k = q + 64. What is the tens digit of k?
6
Let a = -22 + 24. Let l(i) = 3*i - 2. Let x be l(2). Suppose -x*b = a*n - 12, 2*n = 4*n + 2*b - 10. What is the units digit of n?
4
Suppose -3*g + g + 131 = 5*x, 5*g = -x + 40. Suppose 3*j + 2*j - 5*l = x, -5*j = 4*l + 20. Suppose j*o + 112 = 4*o. What is the units digit of o?
8
Suppose 26 = 5*z + 3*c, 0*z - 5*c - 10 = -5*z. Suppose g - 74 = -3*i + 22, -z*g - 19 = -i. What is the tens digit of i?
3
Let d be 576/21 + (-24)/(-42). Suppose -2*a + 3*o + d = 5*o, -a - 2*o = -16. What is the tens digit of a?
1
Let z(k) = 10 - 12*k - 12*k**2 + 4*k**2 - k**3 + 3*k + 0*k. Suppose -5*c - 18 = -i, -5*i + 3*c - 6*c = 50. What is the tens digit of z(i)?
2
Let a(o) = -925*o - 75. What is the tens digit of a(-3)?
0
Suppose 817 = -2*b + 2687. What is the tens digit of b?
3
Let h be 0 + 2 - 1 - -5. Let u = 7 + -6. What is the units digit of ((-224)/(-42))/(u/h)?
2
Let z(p) = -p**3 - 6*p**2 - 7. Let b be z(-7). Let w = 94 + b. What is the units digit of w?
6
What is the thousands digit of (35/(-70))/(3/(-23718))?
3
Let w be (-1)/(-4) + (-35)/(-20). Suppose -5*l - 5*y + 1035 = 0, 0 = w*l + 4*y - 121 - 297. Suppose 0 = 3*a + 2*a - l. What is the units digit of a?
1
Suppose 4*r - 4*g = -0*g + 2340, 0 = -5*r + g + 2929. What is the hundreds digit of r?
5
Let v = 498 - 183. Suppose -v = -4*f - 51. What is the units digit of f?
6
Suppose 3*d = 12*d - 5373. What is the tens digit of (4 - (-10)/(-3))*d/2?
9
Let j = -285 + 150. Let o = -62 - j. What is the tens digit of o?
7
Let k be 8/(-10) + 2464/80. What is the tens digit of (-1 - -2)*k + -1?
2
Let y(w) = -w**3 - 5*w**2 + 2*w + 1. Let s be y(-5). Let t(o) = 14*o + 8. Let c(d) = 5*d + 3. Let g(b) = 8*c(b) - 3*t(b). What is the tens digit of g(s)?
1
Let m(l) = l**2 + 6*l + 3. Let q be m(-5). What is the units digit of (22 - q/(-2))*1?
1
What is the thousands digit of 381/254 - (1 - (-15926)/(-4))?
3
Suppose -336 = -13*o + 6476. What is the tens digit of o?
2
Suppose -70 = 3*v - b, -2*v - 26 = -v - b. Let n = -71 + 114. Let t = v + n. What is the units digit of t?
1
Let g = 32 - 30. What is the tens digit of g/(-3)*(-9 + -18)?
1
Let g be -4 + 3 - 4/(-2). Let q be -5*(0 - 1/g). Suppose -q*x = -165 - 105. What is the units digit of x?
4
Let s be 4/1 + (-4 - -2 - -1). Suppose b = 4*n + 4*b - 203, 5*b = s*n - 145. What is the tens digit of n?
5
Let g be (-2364)/(-9) - (1 - (-5)/(-15)). Let w = -66 + g. What is the units digit of w?
6
Suppose 2404 + 164 = 8*q. What is the tens digit of q?
2
Let g(p) = -2 - 16*p - 6*p - 5*p - 8*p. What is the tens digit of g(-2)?
6
Suppose -5*m = 5*d - 10, -4*d + 3*d - 18 = -3*m. Suppose 3*v = 177 + 30. Suppose -w + 35 = -m*n, 3*w - n + 6 = v. What is the units digit of w?
0
Suppose 0 = -v - 9 + 6. What is the units digit of 9/(-24)*-114*(-12)/v?
1
Let l(k) = 7*k - 15 - 2*k + 2*k + 5*k**2 + k**2. Let w be l(-9). Suppose v + w = 7*v. What is the tens digit of v?
6
Suppose -8 = -5*v + 2, -11 = -3*q - v. Suppose -q + 55 = 4*s. Let x = 16 - s. What is the units digit of x?
3
Let f = 678 + -398. Suppose -4*x + 1168 = f. What is the units digit of x?
2
Suppose 0 = -6*w - 6 + 30. Suppose w*u - 3 = 3*g, 3*g = 4*u + u - 6. Suppose -p = u*p - 112. What is the tens digit of p?
2
Let r(k) = -263*k**2 - 3*k - 4. Let c be r(-1). Let o = c + 383. What is the tens digit of o?
1
Let s(w) = 2*w**3 - 2*w**2 - 2*w. Let y be s(2). Suppose 0 = -y*j + 9*j - 485. What is the units digit of j?
7
Suppose -4*r - 4 = -3*r. What is the tens digit of (-131)/((5/(-10))/((-2)/r))?
3
Suppose 3 = -4*t + 47. Suppose -147 = t*w - 14*w. What is the tens digit of w?
4
Suppose -13*f - u = -12*f - 12, -u + 20 = 2*f. What is the hundreds digit of (-1)/(-4) + 1558/f + -2?
1
Let z(q) = -261*q - 329. What is the units digit of z(-17)?
8
Suppose 0*h + 10309 = 13*h. What is the tens digit of h?
9
Let o be (0 + -2 + (-102)/17)/(-2). Suppose 486 = -2*b + o*b. What is the hundreds digit of b?
2
Suppose -5*v + 4*v = 2*l - 22, -l = -v + 13. Let d = 56 - v. What is the tens digit of d?
4
Let w = 14 + -12. Suppose -5*g + 92 = r - 0*r, 0 = w*r - 4. What is the units digit of g?
8
Suppose 0 = 4*u - 12 - 0. Suppose -u*a + 0 - 3 = 5*b, -5 = -2*a - b. Suppose a*g - 3*g = 22. What is the tens digit of g?
2
Suppose i + m - 176 = 155, 1659 = 5*i + 3*m. What is the tens digit of i?
3
Let y(z) = z - 7 + z**2 - 12*z + 4*z. Let j be y(7). Let b = j - -17. What is the units digit of b?
0
What is the thousands digit of (0 + 1/(-1))/(62/(-73966))?
1
What is the tens digit of 53/(-2 + (-184)/(-88))?
8
Let h = -115 + 216. Suppose -h = -q + d, 2*d - 5 = d. What is the tens digit of q?
0
Suppose 48 = 2*o - 4*a - 18, 0 = 4*o - 4*a - 112. What is the units digit of (1 - o*-4)*(-14)/(-14)?
3
What is the hundreds digit of 1338/2 + -18 + 23?
6
Let f = -383 - -916. What is the tens digit of f?
3
Suppose 0 = 21*k - 47*k + 98436. What is the units digit of k?
6
Suppose -21*v + 30*v = 12276. What is the units digit of v?
4
Let d(b) be the third derivative of -b**4/8 + 7*b**3/2 + 8*b**2. What is the tens digit of d(-10)?
5
Let p(h) = 17 - 4 - 5*h**2 + 6*h + 2*h. Let z be p(9). What is the units digit of z/(-55) - 10/(-55)?
6
Suppose -13*k - 28 = -6*k. What is the tens digit of 9/(1*(-4 - 18/k))?
1
Suppose -40*d - 13143 + 112823 = 0. What is the thousands digit of d?
2
Suppose 2*v = 16 - 8. Suppose -z + 78 = 2*z. What is the tens digit of 0/v + -3 + z?
2
Let s(f) = -8 + f + f - 2*f + f. Let h be s(11). Suppose -h*l + 34 = 7. What is the units digit of l?
9
Suppose -10*o + 1360 = 3*t - 14*o, -2232 = -5*t - 2*o. What is the hundreds digit of t?
4
Suppose 4*c - 3*c = 81. Let w = -43 + c. Let r = w - 9. What is the tens digit of r?
2
Suppose -2*n + 49 + 55 = 0. Let g = 85 - n. What is the units digit of g?
3
Let r(x) = -6*x**3 + 3*x**2 + 2*x - 4. What is the tens digit of r(-5)?
1
Let b(u) = -6*u + 453. What is the hundreds digit of b(0)?
4
Suppose -21*x + 29430 = 6*x. What is the thousands digit of x?
1
Let g(p) = 7*p**2 - p**2 + 5*p**2 + 10*p - 5*p + 10. What is the units digit of g(-3)?
4
Let n(h) = -2*h**3 - 20*h**2 + 6*h - 7. What is the units digit of n(-12)?
7
Suppose 2*u = 3*z - 19504, 14*u - 21*u - 35 = 0. What is the units digit of z?
8
Let z be ((4/(-10))/1)/((-5)/50). Let o be 2/(-3) + 128/3. Suppose -z*u = -u - o. What is the tens digit of u?
1
Suppose -5*r + 6*r = 87. Let y 